hen 459451 is divided by 179.
137
What is the remainder when 287582 is divided by 3012?
1442
What is the remainder when 347868978 is divided by 9?
6
What is the remainder when 500755 is divided by 227?
220
What is the remainder when 6821261 is divided by 106?
55
What is the remainder when 64327 is divided by 165?
142
What is the remainder when 42993 is divided by 166?
165
Calculate the remainder when 2547346 is divided by 1961.
7
Calculate the remainder when 1773666 is divided by 295610.
6
Calculate the remainder when 132435 is divided by 44065.
240
Calculate the remainder when 215575 is divided by 173.
17
What is the remainder when 32589 is divided by 2840?
1349
Calculate the remainder when 1033593 is divided by 200.
193
Calculate the remainder when 1889922 is divided by 28635.
12
Calculate the remainder when 66468 is divided by 7575.
5868
Calculate the remainder when 22557358 is divided by 3759558.
10
Calculate the remainder when 2405831 is divided by 10.
1
Calculate the remainder when 10802260 is divided by 3600750.
10
What is the remainder when 304991717 is divided by 50831951?
11
What is the remainder when 493371 is divided by 87?
81
What is the remainder when 208474 is divided by 25709?
2802
Calculate the remainder when 46274945 is divided by 1850997.
20
Calculate the remainder when 1670419 is divided by 21.
16
What is the remainder when 66378305 is divided by 5669?
5653
What is the remainder when 1506354 is divided by 2719?
28
Calculate the remainder when 912755 is divided by 65192.
67
What is the remainder when 9488484 is divided by 593027?
52
What is the remainder when 43481623 is divided by 149?
145
What is the remainder when 140304 is divided by 960?
144
Calculate the remainder when 179901076 is divided by 366.
364
Calculate the remainder when 36233251 is divided by 281.
268
What is the remainder when 9219068 is divided by 1396?
1280
What is the remainder when 132265 is divided by 618?
13
What is the remainder when 191859 is divided by 1101?
285
Calculate the remainder when 33202241 is divided by 27126.
17
Calculate the remainder when 108665 is divided by 1157.
1064
What is the remainder when 14309 is divided by 2135?
1499
Calculate the remainder when 1096892 is divided by 47690.
22
What is the remainder when 11331468 is divided by 885?
813
Calculate the remainder when 1262640 is divided by 211.
16
Calculate the remainder when 300377 is divided by 96.
89
What is the remainder when 7511821 is divided by 688?
237
What is the remainder when 28907 is divided by 1864?
947
Calculate the remainder when 1461167 is divided by 730064.
1039
Calculate the remainder when 5862479 is divided by 128.
79
Calculate the remainder when 39423773 is divided by 301.
298
Calculate the remainder when 1368208 is divided by 1827.
1612
What is the remainder when 252313697 is divided by 297?
20
Calculate the remainder when 156683 is divided by 2274.
2051
What is the remainder when 98633 is divided by 3955?
3713
Calculate the remainder when 1245786 is divided by 6964.
6194
What is the remainder when 79408 is divided by 274?
222
Calculate the remainder when 103889 is divided by 103710.
179
What is the remainder when 562874 is divided by 187573?
155
What is the remainder when 43853691 is divided by 6009?
9
What is the remainder when 255702 is divided by 51138?
12
Calculate the remainder when 111785 is divided by 3600.
185
Calculate the remainder when 6148462 is divided by 2805.
2707
What is the remainder when 209685 is divided by 2832?
117
What is the remainder when 4780148 is divided by 465?
413
What is the remainder when 546030275 is divided by 51?
50
Calculate the remainder when 19559245 is divided by 6118.
6117
Calculate the remainder when 6813238 is divided by 257.
168
What is the remainder when 20797269 is divided by 165?
9
Calculate the remainder when 3286870 is divided by 1095198.
1276
What is the remainder when 3552941 is divided by 72508?
49
Calculate the remainder when 77906 is divided by 654.
80
Calculate the remainder when 8224854 is divided by 146872.
22
What is the remainder when 31701 is divided by 2437?
20
What is the remainder when 318299781 is divided by 101?
99
What is the remainder when 836791 is divided by 1811?
109
Calculate the remainder when 559045 is divided by 13931.
1805
What is the remainder when 21542 is divided by 10771?
0
Calculate the remainder when 2876073 is divided by 35.
18
What is the remainder when 244842 is divided by 122412?
18
Calculate the remainder when 143854 is divided by 35941.
90
What is the remainder when 78139 is divided by 39050?
39
Calculate the remainder when 34408679 is divided by 2020.
2019
What is the remainder when 249913 is divided by 801?
1
What is the remainder when 415183 is divided by 83034?
13
Calculate the remainder when 908586 is divided by 2611.
2569
Calculate the remainder when 53698 is divided by 17521.
1135
Calculate the remainder when 477758 is divided by 159116.
410
Calculate the remainder when 1964006 is divided by 147.
86
Calculate the remainder when 7337596 is divided by 1834398.
4
Calculate the remainder when 13926583 is divided by 1738.
1727
What is the remainder when 26034 is divided by 5911?
2390
Calculate the remainder when 556990 is divided by 410.
210
Calculate the remainder when 4472454 is divided by 288.
102
What is the remainder when 662868 is divided by 19?
15
What is the remainder when 33430587 is divided by 205?
7
What is the remainder when 594232 is divided by 679?
107
What is the remainder when 217551 is divided by 65?
61
What is the remainder when 303454 is divided by 33519?
1783
Calculate the remainder when 2027614 is divided by 296.
14
Calculate the remainder when 78386 is divided by 496.
18
Calculate the remainder when 324144387 is divided by 572.
567
Calculate the remainder when 1598718 is divided by 6129.
5178
What is the remainder when 259514 is divided by 25?
14
Calculate the remainder when 109882 is divided by 54606.
670
What is the remainder when 209778 is divided by 3772?
2318
What is the remainder when 2096299 is divided by 33808?
203
Calculate the remainder when 160635381 is divided by 117.
114
Calculate the remainder when 4260747 is divided by 1594.
1579
Calculate the remainder when 17685590 is divided by 11.
10
Calculate the remainder when 5512811 is divided by 228.
227
What is the remainder when 125593 is divided by 1478?
1441
What is the remainder when 3874888917 is divided by 105?
102
What is the remainder when 36591033 is divided by 2197?
2195
What is the remainder when 67127058 is divided by 110?
108
What is the remainder when 465907 is divided by 2860?
2587
What is the remainder when 10256402 is divided by 617?
11
What is the remainder when 89477241 is divided by 662?
659
What is the remainder when 81917 is divided by 8384?
6461
Calculate the remainder when 74902 is divided by 7434.
562
What is the remainder when 33053 is divided by 16308?
437
Calculate the remainder when 1990327 is divided by 24272.
23
Calculate the remainder when 106405 is divided by 26478.
493
Calculate the remainder when 317073 is divided by 54.
39
Calculate the remainder when 553652 is divided by 128.
52
What is the remainder when 94232 is divided by 75?
32
What is the remainder when 61115 is divided by 6277?
4622
What is the remainder when 30431567 is divided by 15215663?
241
Calculate the remainder when 58670833 is divided by 487.
482
What is the remainder when 2443205 is divided by 76350?
5
What is the remainder when 961073 is divided by 120?
113
Calculate the remainder when 1104561 is divided by 176.
161
Calculate the remainder when 59833243 is divided by 349.
334
Calculate the remainder when 93557 is divided by 357.
23
What is the remainder when 8626860 is divided by 34646?
6
Calculate the remainder when 27341430 is divided by 8.
6
Calculate the remainder when 27326206 is divided by 5465240.
6
What is the remainder when 10669652 is divided by 1185491?
233
Calculate the remainder when 3494256 is divided by 91954.
4
Calculate the remainder when 224226 is divided by 49.
2
What is the remainder when 39322 is divided by 206?
182
What is the remainder when 81080808 is divided by 510?
498
What is the remainder when 29914474 is divided by 4985745?
4
What is the remainder when 105863